 c be (-4)/((-1)/1*2). Let a be 0/c - -1 - 2. Let s = a + 6. List the prime factors of s.
5
Suppose -2*s + s + 4*n = -10, -6 = 3*n. Suppose -5*y - s*f - 2 = -6, -3*y + f + 9 = 0. What are the prime factors of y?
2
Suppose 3*i + 7 = 2*a + 52, 111 = -4*a - i. Let c = a + 51. What are the prime factors of c?
2, 3
Suppose 2*o = 3*o - 68. Suppose -2*k + o = 2*k. Let g = k - 8. What are the prime factors of g?
3
Suppose 2*u - 11 = r - 2*r, 5*u = 2*r + 14. Suppose -2*o + 28 = -u*q - q, 0 = o - 5*q - 24. List the prime factors of o.
2
Suppose -4*k + 45 = 13. Let n = k + -1. What are the prime factors of n?
7
Let m be -1 + -2 + (-2 - -2). Let z(d) = d**3 + 5*d**2 + 3*d - 1. What are the prime factors of z(m)?
2
List the prime factors of 26/(-195) - (12964/(-30) - 2).
2, 7, 31
Let x be (-4)/10 + (-372)/(-5). Suppose -4*h + 4*w + x = h, -54 = -4*h - 2*w. List the prime factors of h.
2, 7
Suppose 2*l + 756 = 4*a - 2*l, 0 = -a + 4*l + 180. List the prime factors of a.
2, 3
Suppose -900 = -a - 3*a. List the prime factors of a.
3, 5
Suppose 5*a + m - 21 = 0, -m - 39 + 10 = -5*a. Suppose -3*k = -2*y - 24, 15 = a*k - 2*y + 7*y. List the prime factors of k.
2, 3
Let d(s) = -6*s + 5. Let v be d(5). Let m = -18 - v. Suppose -5*j + 2*w = -70, -4*w = 3*j - m - 9. What are the prime factors of j?
2, 3
Let z(r) = 2*r**2 + 10*r + 6. Let m be z(-13). Suppose w - i - 42 = -0, 5*w - 3*i - m = 0. List the prime factors of w.
2, 11
What are the prime factors of (21/9)/((-4)/(-60))?
5, 7
Let q(s) = 1 - 3 - 2*s + 6*s + 0. What are the prime factors of q(4)?
2, 7
Let t = -3 - -18. Suppose -y - t = -6*y. Suppose y*v = -9, 5*k + 0 - 19 = 3*v. List the prime factors of k.
2
Let w(q) be the third derivative of -1/2*q**3 - 4*q**2 + 0*q - 1/24*q**4 + 0 + 1/30*q**5. What are the prime factors of w(3)?
2, 3
Let m = 40 + -94. Let k = -32 - m. What are the prime factors of k?
2, 11
Suppose -4*y + 1503 = 8*a - 3*a, 5*y = 10. What are the prime factors of a?
13, 23
Suppose 7*n = 3*n + 112. Let g = n + 12. What are the prime factors of g?
2, 5
Suppose 4*a - 592 = y, 5*y - 2*y = -5*a + 740. List the prime factors of a.
2, 37
Suppose 2*i + 3*i - 585 = 0. Suppose -5*b + i = 3*w, -4*w + 5 + 151 = b. What are the prime factors of w?
3, 13
Suppose 0*p + 4 = p. Suppose -p*y - 3*r = -72, -5*r + 65 = y + 2*y. Suppose 0 = -0*t + 3*t - y. List the prime factors of t.
5
Let a be (-3 + -14)*1/(-1). Let x be 14/(-49) + 164/(-14). Let y = a + x. List the prime factors of y.
5
Let z(q) be the second derivative of -q**5/20 - q**4/12 - q**3/6 + 5*q**2/2 + 3*q. List the prime factors of z(0).
5
Suppose 0 = -4*c - 3*j + 42, -3*c + 0*j + 2*j + 40 = 0. Let u be 28/c + (-2)/6. Suppose 4*z - u*z = 24. List the prime factors of z.
2, 3
Let u(f) = f**2 + 10*f + 11. Let m be u(-10). Suppose 5*y - 4 = m. What are the prime factors of (4/y)/(10/105)?
2, 7
Suppose -3*n + 20 = 5. Suppose 3*w - 2*a = 3*a + 9, 3*a = -5*w + 15. Suppose 4*m = -n*k + 20, -5*k - 40 = w*m - 5*m. List the prime factors of m.
2, 5
Suppose 0*o + o - 34 = 0. What are the prime factors of o?
2, 17
Let w = 2 + 2. Suppose -w*r + 14 + 2 = 0. List the prime factors of (-14)/(-8) + 1/r.
2
Suppose 0 = 4*x - 4, 10 = 2*t + 4*x - 6. Let f be (-45)/(-6) + 2/4. What are the prime factors of (f/t)/((-6)/(-9))?
2
Let q(k) = -k**2 - 10*k - 11. Suppose -5*v - 20 = 0, -4*i + 4*v + 0 = 16. What are the prime factors of q(i)?
5
Suppose 2*g - 2*d = 46, g - 5*d = -2*d + 31. Let x be 6/(-9) + g/(-3). Let n(q) = -q**2 - 9*q - 1. List the prime factors of n(x).
13
Let r be (-316)/(-28) - (-2)/(-7). Let x be (1 - r) + (2 - 0). What are the prime factors of 1/((-2)/x*1)?
2
Let k = 62 - 29. Suppose -a + 4*b + 26 = 0, -6*a - 3*b + k = -3*a. List the prime factors of a.
2, 7
Let j be (-1 - 7/(-4))*-24. Let w = 10 + j. Let i = w - -19. List the prime factors of i.
11
Suppose -4*j - 270 = -3*o, -o - 4*j = j - 109. What are the prime factors of o?
2, 47
Suppose -3*y + 6*y = 15. Suppose 4*z - 3*x + 0 = 23, x + y = 0. Suppose -25 - 5 = -z*w. List the prime factors of w.
3, 5
Let w(b) = b**3 - 7*b**2 + 2*b - 10. Let i be w(7). Suppose 8 = -i*u + 8*u. List the prime factors of u.
2
Suppose 4*o - 12 = 4*l, 4*o + 2 = -2*l - 4. Suppose o*g = 5*g - 195. Suppose 5 + g = 4*j. List the prime factors of j.
11
Let j(d) = -d**2 - 2*d + 5. Let v be j(-5). What are the prime factors of (-6)/30 - 192/v?
19
Let j(w) = -w - 2. Let q(t) = 3*t + 6. Let i(k) = 17*j(k) + 6*q(k). Let c be 1*(-4*3)/(-3). What are the prime factors of i(c)?
2, 3
Suppose -2*d + 8*m = 5*m + 36, m - 77 = 5*d. What are the prime factors of 1 - d/(-6)*-4?
11
Suppose 0 = -2*f + 110 + 412. What are the prime factors of f?
3, 29
Suppose -2*g + 6 = 0, 0 = -2*f + 5*f - 3*g - 336. List the prime factors of f.
5, 23
Suppose 0*b + 20 = -2*b. List the prime factors of 1/(b/14)*-5.
7
What are the prime factors of 375/50*104/6?
2, 5, 13
Let k(b) = 163*b**2 - 6*b + 2. What are the prime factors of k(1)?
3, 53
Let x(c) = -11*c + 10. Let n(u) = 6*u - 5. Let o(f) = -7*n(f) - 4*x(f). Let h be (-6)/(-4) - 27/(-6). List the prime factors of o(h).
7
Let q(p) = -2*p + 1. Let h be q(-3). Suppose 3*s - 3*k - 22 = -h, -k = -1. Suppose -s*r + 8 = -4*r. List the prime factors of r.
2
Let m be (3*3/(-6))/((-6)/48). Let j be 0 + (3 + -2)/1. Suppose p - m = -j. What are the prime factors of p?
11
Let y(l) = -7*l + 7. Let h(r) = -8*r + 8. Let q(x) = 6*h(x) - 7*y(x). Let a(f) = -f + 4. Let i be a(0). List the prime factors of q(i).
3
Let q = -6 - 3. Let w = -2 - q. What are the prime factors of w?
7
Let i be 8/(-20) - (-46)/(-10). Let a = i + 8. What are the prime factors of a?
3
What are the prime factors of (-633)/(-6) - 5/10?
3, 5, 7
Let x(m) = -m**2 - 12*m - 6. Suppose 0 = 2*u - 6*u - 44. What are the prime factors of x(u)?
5
Let s = -48 + 93. Suppose -s - 25 = -5*x. Let y = x + -2. What are the prime factors of y?
2, 3
Suppose -2*b = -5*t + 435, 5*t - 216 = 3*b + 214. List the prime factors of t.
89
Let v = 120 - -78. What are the prime factors of v?
2, 3, 11
Let x = 0 - -2. Let f(t) = -1 + 2*t + t**x - 7*t + 4. List the prime factors of f(5).
3
Suppose f = -f - 2. Let l(d) = -4*d. Let k be l(f). Suppose 15 = 5*p - 3*w, 0 = p + 2*p - k*w + 2. What are the prime factors of p?
2, 3
Let o(a) = -87 + 91 + 3*a - 6*a. Let r be 20/(-12)*1*3. What are the prime factors of o(r)?
19
Suppose 3*n + 213 = 2*l, 0 = 4*n + 5 - 9. List the prime factors of l.
2, 3
Suppose -2*d + 35 + 15 = 2*b, b - d - 15 = 0. What are the prime factors of b?
2, 5
Let g = -6 + 20. Let l be 466/g + 6/(-21). Suppose -3*o - 9 + l = 0. What are the prime factors of o?
2
Suppose 94 - 31 = 3*g. What are the prime factors of g?
3, 7
Let h(d) = -d**2 + 7*d + 10. Let q be h(7). Let n = q - 2. List the prime factors of n.
2
Let f = -99 + 157. List the prime factors of f.
2, 29
Let w = -41 + 59. What are the prime factors of w?
2, 3
Suppose 0 = 5*z - 83 - 892. List the prime factors of z.
3, 5, 13
Let g(u) = 6*u**2 + 3*u + 8. List the prime factors of g(-4).
2, 23
Let d(o) = -4*o - o - 2*o**2 + 3*o + 3*o**2. What are the prime factors of d(5)?
3, 5
Let p = 5 + 1. Let m be 0 + 5/(-1 + -4). What are the prime factors of 2 + (p - m) + 0?
3
Let u(g) = 5*g + 4. Let k be u(6). Let o = -14 - -17. Suppose -5*j + 38 = 2*f, -2*f - j = o*j - k. What are the prime factors of f?
3
Let g = 12 - 35. Let j = g - -33. List the prime factors of (-56)/(-10) - (-4)/j.
2, 3
Suppose 0 = 4*u - 15 - 1. Suppose 0*d - u = -4*d. Suppose -51 = -2*m - 3*f - 18, m = 2*f - d. List the prime factors of m.
3
Suppose r = -3*a + 6*r + 332, 5*a + 5*r - 540 = 0. List the prime factors of a.
109
Let d be 3 - (8/4 + -1). Let i = d + 27. List the prime factors of i.
29
Let q = 2 - -2. Suppose -q*y = -y - 12. Suppose -1 = -5*w + r + 2*r, 2*r + 2 = y*w. List the prime factors of w.
2
Let w = 5 - 1. Suppose -p + w*p - 4*o = 35, 0 = -2*p - 2*o. List the prime factors of p.
5
Suppose -5*g - 12 = -3*g. Let l be (g/2)/((-9)/12). Suppose k + 8 = 3*k, 3*k = -l*m + 52. List the prime factors of m.
2, 5
Let i(o) be the second derivative of -o**4/12 - o**2/2 + 2*o. Let s(f) be the first derivative of i(f). What are the prime factors of s(-2)?
2
Suppose 6*f - 30 = f. Suppose -215 = -f*g + g. What are the prime factors of g?
43
Let p be 2/(-7